{"id":159,"date":"2019-03-22T10:18:48","date_gmt":"2019-03-22T10:18:48","guid":{"rendered":"http:\/\/formacion.dguadalajara.es\/?page_id=159"},"modified":"2024-09-20T07:01:42","modified_gmt":"2024-09-20T07:01:42","slug":"contacto","status":"publish","type":"page","link":"https:\/\/formacion.dguadalajara.es\/?page_id=159","title":{"rendered":"Contacto"},"content":{"rendered":"<p>&nbsp;<\/p>\n<p><i class=\"fa fa-phone\"><\/i>Tlf: 949 88 75 42 (Ext.169)<\/p>\n<p><i class=\"fa fa-user\"><\/i>Responsable de Formaci\u00f3n: Jos\u00e9 Rojo Let\u00f3n<\/p>\n<p><i class=\"fa fa-at\"><\/i>e-mail: admon.formacion@dguadalajara.es<\/p>\n<p>&nbsp;<\/p>\n","protected":false},"excerpt":{"rendered":"<p>&nbsp; Tlf: 949 88 75 42 (Ext.169) Responsable de Formaci\u00f3n: Jos\u00e9 Rojo Let\u00f3n e-mail: admon.formacion@dguadalajara.es &nbsp;<\/p>\n","protected":false},"author":1,"featured_media":0,"parent":0,"menu_order":0,"comment_status":"closed","ping_status":"closed","template":"default.php","meta":[],"_links":{"self":[{"href":"https:\/\/formacion.dguadalajara.es\/index.php?rest_route=\/wp\/v2\/pages\/159"}],"collection":[{"href":"https:\/\/formacion.dguadalajara.es\/index.php?rest_route=\/wp\/v2\/pages"}],"about":[{"href":"https:\/\/formacion.dguadalajara.es\/index.php?rest_route=\/wp\/v2\/types\/page"}],"author":[{"embeddable":true,"href":"https:\/\/formacion.dguadalajara.es\/index.php?rest_route=\/wp\/v2\/users\/1"}],"replies":[{"embeddable":true,"href":"https:\/\/formacion.dguadalajara.es\/index.php?rest_route=%2Fwp%2Fv2%2Fcomments&post=159"}],"version-history":[{"count":6,"href":"https:\/\/formacion.dguadalajara.es\/index.php?rest_route=\/wp\/v2\/pages\/159\/revisions"}],"predecessor-version":[{"id":1075,"href":"https:\/\/formacion.dguadalajara.es\/index.php?rest_route=\/wp\/v2\/pages\/159\/revisions\/1075"}],"wp:attachment":[{"href":"https:\/\/formacion.dguadalajara.es\/index.php?rest_route=%2Fwp%2Fv2%2Fmedia&parent=159"}],"curies":[{"name":"wp","href":"https:\/\/api.w.org\/{rel}","templated":true}]}}